{"id":45,"date":"2023-09-26T10:47:09","date_gmt":"2023-09-26T08:47:09","guid":{"rendered":"https:\/\/skuteckeho.slajd.cz\/?page_id=45"},"modified":"2024-11-12T19:19:49","modified_gmt":"2024-11-12T18:19:49","slug":"dokumenty","status":"publish","type":"page","link":"https:\/\/skuteckeho.slajd.cz\/index.php\/dokumenty\/","title":{"rendered":"Dokumenty"},"content":{"rendered":"<p>Servis v\u00fdtah &#8211; aktualizace : <div class='w3eden'><!-- WPDM Link Template: Default Template -->\n\n<div class=\"link-template-default card mb-2\">\n    <div class=\"card-body\">\n        <div class=\"media\">\n            <div class=\"mr-3 img-48\"><img decoding=\"async\" class=\"wpdm_icon\" alt=\"Ikona\" src=\"https:\/\/skuteckeho.slajd.cz\/wp-content\/plugins\/download-manager\/assets\/file-type-icons\/pdf.svg\" \/><\/div>\n            <div class=\"media-body\">\n                <h3 class=\"package-title\"><a href='https:\/\/skuteckeho.slajd.cz\/index.php\/download\/servisni-sluzby-vytah\/'>Servisn\u00ed slu\u017eby v\u00fdtah<\/a><\/h3>\n                <div class=\"text-muted text-small\"><i class=\"fas fa-copy\"><\/i> 1 soubor(y) <i class=\"fas fa-hdd ml-3\"><\/i> 199.35 KB<\/div>\n            <\/div>\n            <div class=\"ml-3\">\n                <a class='wpdm-download-link download-on-click btn btn-primary ' rel='nofollow' href='#' data-downloadurl=\"https:\/\/skuteckeho.slajd.cz\/index.php\/download\/servisni-sluzby-vytah\/?wpdmdl=72&refresh=69f30f035e8351777536771\">St\u00e1hnout<\/a>\n            <\/div>\n        <\/div>\n    <\/div>\n<\/div>\n\n<\/div><\/p>\n<p>Domovn\u00ed \u0159\u00e1d &#8211; n\u00e1vrh : <div class='w3eden'><!-- WPDM Link Template: Default Template -->\n\n<div class=\"link-template-default card mb-2\">\n    <div class=\"card-body\">\n        <div class=\"media\">\n            <div class=\"mr-3 img-48\"><img decoding=\"async\" class=\"wpdm_icon\" alt=\"Ikona\" src=\"https:\/\/skuteckeho.slajd.cz\/wp-content\/plugins\/download-manager\/assets\/file-type-icons\/pdf.svg\" \/><\/div>\n            <div class=\"media-body\">\n                <h3 class=\"package-title\"><a href='https:\/\/skuteckeho.slajd.cz\/index.php\/download\/domovni-rad\/'>Domovn\u00ed \u0159\u00e1d (n\u00e1vrh)<\/a><\/h3>\n                <div class=\"text-muted text-small\"><i class=\"fas fa-copy\"><\/i> 1 soubor(y) <i class=\"fas fa-hdd ml-3\"><\/i> 99.99 KB<\/div>\n            <\/div>\n            <div class=\"ml-3\">\n                <a class='wpdm-download-link download-on-click btn btn-primary ' rel='nofollow' href='#' data-downloadurl=\"https:\/\/skuteckeho.slajd.cz\/index.php\/download\/domovni-rad\/?wpdmdl=37258&refresh=69f30f0361e821777536771\">St\u00e1hnout<\/a>\n            <\/div>\n        <\/div>\n    <\/div>\n<\/div>\n\n<\/div><\/p>\n<p>&nbsp;<\/p>\n","protected":false},"excerpt":{"rendered":"<p>Servis v\u00fdtah &#8211; aktualizace : Domovn\u00ed \u0159\u00e1d &#8211; n\u00e1vrh : &nbsp;<\/p>\n","protected":false},"author":1,"featured_media":0,"parent":0,"menu_order":0,"comment_status":"closed","ping_status":"closed","template":"","meta":{"footnotes":""},"class_list":["post-45","page","type-page","status-publish","hentry"],"_links":{"self":[{"href":"https:\/\/skuteckeho.slajd.cz\/index.php\/wp-json\/wp\/v2\/pages\/45","targetHints":{"allow":["GET"]}}],"collection":[{"href":"https:\/\/skuteckeho.slajd.cz\/index.php\/wp-json\/wp\/v2\/pages"}],"about":[{"href":"https:\/\/skuteckeho.slajd.cz\/index.php\/wp-json\/wp\/v2\/types\/page"}],"author":[{"embeddable":true,"href":"https:\/\/skuteckeho.slajd.cz\/index.php\/wp-json\/wp\/v2\/users\/1"}],"replies":[{"embeddable":true,"href":"https:\/\/skuteckeho.slajd.cz\/index.php\/wp-json\/wp\/v2\/comments?post=45"}],"version-history":[{"count":12,"href":"https:\/\/skuteckeho.slajd.cz\/index.php\/wp-json\/wp\/v2\/pages\/45\/revisions"}],"predecessor-version":[{"id":37267,"href":"https:\/\/skuteckeho.slajd.cz\/index.php\/wp-json\/wp\/v2\/pages\/45\/revisions\/37267"}],"wp:attachment":[{"href":"https:\/\/skuteckeho.slajd.cz\/index.php\/wp-json\/wp\/v2\/media?parent=45"}],"curies":[{"name":"wp","href":"https:\/\/api.w.org\/{rel}","templated":true}]}}